{"id":1260,"date":"2017-02-14T17:24:27","date_gmt":"2017-02-14T16:24:27","guid":{"rendered":"http:\/\/espacefunerairearca.com\/?page_id=1260"},"modified":"2024-12-19T21:10:33","modified_gmt":"2024-12-19T21:10:33","slug":"premieres-demarches","status":"publish","type":"page","link":"https:\/\/espacefunerairearca.com\/index.php\/premieres-demarches\/","title":{"rendered":"Premi\u00e8res d\u00e9marches"},"content":{"rendered":"<p>[vc_row][vc_column][vc_raw_html el_class=\u00a0\u00bbboutonback\u00a0\u00bb]JTNDYnV0dG9uJTIwaWQlM0QlMjJjaGFuZ2VCYWNrZ3JvdW5kJTIyJTIwY2xhc3MlM0QlMjJib3V0b25iYWNrJTIyJTNFQ2hhbmdlciUyMGRlJTIwZm9uZCUzQyUyRmJ1dHRvbiUzRSUwQSUwQSUzQ2RpdiUyMGNsYXNzJTNEJTIyb3V0ZXJfZHBhZ2UlMjIlM0UlM0MlMkZkaXYlM0UlMEElM0NwJTIwY2xhc3MlM0QlMjJjdXN0b20tYmFja2dyb3VuZCUyMiUzRSUzQyUyRnAlM0UlMEElMEElM0NzY3JpcHQlM0UlMEFkb2N1bWVudC5hZGRFdmVudExpc3RlbmVyJTI4JTI3RE9NQ29udGVudExvYWRlZCUyNyUyQyUyMGZ1bmN0aW9uJTI4JTI5JTIwJTdCJTBBJTIwJTIwJTIwJTIwdmFyJTIwY2hhbmdlQnV0dG9uJTIwJTNEJTIwZG9jdW1lbnQuZ2V0RWxlbWVudEJ5SWQlMjglMjdjaGFuZ2VCYWNrZ3JvdW5kJTI3JTI5JTNCJTBBJTIwJTIwJTIwJTIwY2hhbmdlQnV0dG9uLmFkZEV2ZW50TGlzdGVuZXIlMjglMjdjbGljayUyNyUyQyUyMGZ1bmN0aW9uJTI4JTI5JTIwJTdCJTBBJTIwJTIwJTIwJTIwJTIwJTIwJTIwJTIwJTJGJTJGJTIwUyVDMyVBOWxlY3Rpb25uZXolMjB0b3VzJTIwbGVzJTIwJUMzJUE5bCVDMyVBOW1lbnRzJTIwcXVlJTIwdm91cyUyMHZvdWxleiUyMGJhc2N1bGVyJTIwYXZlYyUyMHVuZSUyMGNsYXNzZSUyMGNvbW11bmUlMEElMjAlMjAlMjAlMjAlMjAlMjAlMjAlMjB2YXIlMjBlbGVtZW50cyUyMCUzRCUyMGRvY3VtZW50LnF1ZXJ5U2VsZWN0b3JBbGwlMjglMjcub3V0ZXJfZHBhZ2UlMkMlMjAuY3VzdG9tLWJhY2tncm91bmQlMjclMjklM0IlMEElMjAlMjAlMjAlMjAlMjAlMjAlMjAlMjBlbGVtZW50cy5mb3JFYWNoJTI4ZnVuY3Rpb24lMjhlbCUyOSUyMCU3QiUwQSUyMCUyMCUyMCUyMCUyMCUyMCUyMCUyMCUyMCUyMCUyMCUyMGVsLmNsYXNzTGlzdC50b2dnbGUlMjglMjdhbHRlcm5hdGUtYmFja2dyb3VuZCUyNyUyOSUzQiUwQSUyMCUyMCUyMCUyMCUyMCUyMCUyMCUyMCU3RCUyOSUzQiUwQSUyMCUyMCUyMCUyMCU3RCUyOSUzQiUwQSU3RCUyOSUzQiUwQSUwQSUzQyUyRnNjcmlwdCUzRSUwQSUwQSUzQyUyMS0tJTIwU3R5bGVzJTIwb3B0aW9ubmVscyUyMGRpcmVjdGVtZW50JTIwZGFucyUyMGxhJTIwcGFnZSUyMCUyOGFqb3V0ZXIlMjBkYW5zJTIwbGElMjBzZWN0aW9uJTIwJTNDaGVhZCUzRSUyMHNpJTIwcG9zc2libGUlMjklMjAtLSUzRSUwQSUzQ3N0eWxlJTNFJTBBLm91dGVyX2RwYWdlJTJDJTIwLmN1c3RvbS1iYWNrZ3JvdW5kJTIwJTdCJTBBJTIwJTIwJTIwJTIwYmFja2dyb3VuZC1jb2xvciUzQSUyMCUyM0NCQkRCMCUzQiUyMCUyRiUyQSUyMENvdWxldXIlMjBkZSUyMGZvbmQlMjBwYXIlMjBkJUMzJUE5ZmF1dCUyMCUyQSUyRiUwQSUyMCUyMCUyMCUyMHBhZGRpbmclM0ElMjAwcHglM0IlMEElMjAlMjAlMjAlMjBtYXJnaW4tdG9wJTNBJTIwLTIwcHglM0IlMEElN0QlMEElMEEuYWx0ZXJuYXRlLWJhY2tncm91bmQlMjAlN0IlMEElMjAlMjAlMjAlMjBiYWNrZ3JvdW5kLWNvbG9yJTNBJTIwJTIzZmZmZmZmJTNCJTIwJTJGJTJBJTIwQ291bGV1ciUyMGRlJTIwZm9uZCUyMGFsdGVybmF0aWYlMjAlMkElMkYlMEElN0QlMEElMEElM0MlMkZzdHlsZSUzRSUwQQ==[\/vc_raw_html][\/vc_column][\/vc_row][vc_row full_width=\u00a0\u00bbstretch_row_content_no_spaces\u00a0\u00bb el_id=\u00a0\u00bbbarre-or\u00a0\u00bb][vc_column][vc_single_image image=\u00a0\u00bb2837&Prime; img_size=\u00a0\u00bbfull\u00a0\u00bb alignment=\u00a0\u00bbcenter\u00a0\u00bb][\/vc_column][\/vc_row][vc_row][vc_column][vc_empty_space height=\u00a0\u00bb10px\u00a0\u00bb][\/vc_column][\/vc_row][vc_row][vc_column][vc_column_text el_class=\u00a0\u00bbouter_dpage p\u00a0\u00bb]<\/p>\n<blockquote>\n<p><b><i>\u00ab L\u2019une des plus grandes \u00e9preuves que chacun de nous doit, un jour ou l\u2019autre, affronter : c\u2019est la perte d\u2019une personne aim\u00e9e \u00bb. Humblement, je me propose de vous aider \u00e0 y faire face de mani\u00e8re chronologique.<\/i><\/b><\/p>\n<p>Quelle que soit l\u2019ampleur de votre choc \u00e9motionnel, il est important de vous mobiliser parfois rapidement pour que les d\u00e9marches suivantes soient effectu\u00e9es.<\/p>\n<\/blockquote>\n<p>[\/vc_column_text][\/vc_column][\/vc_row][vc_row][vc_column][vc_empty_space][vc_custom_heading text=\u00a0\u00bb\u25b6 Le Certificat de d\u00e9c\u00e8s\u00a0\u00bb font_container=\u00a0\u00bbtag:h3|text_align:left|color:%234d4344&Prime; use_theme_fonts=\u00a0\u00bbyes\u00a0\u00bb el_class=\u00a0\u00bbouter_dpage p\u00a0\u00bb][vc_separator color=\u00a0\u00bbcustom\u00a0\u00bb style=\u00a0\u00bbdashed\u00a0\u00bb border_width=\u00a0\u00bb2&Prime; accent_color=\u00a0\u00bb#4d4344&Prime;][vc_empty_space][\/vc_column][\/vc_row][vc_row][vc_column width=\u00a0\u00bb1\/3&Prime;][vc_single_image image=\u00a0\u00bb3566&Prime; img_size=\u00a0\u00bbfull\u00a0\u00bb alignment=\u00a0\u00bbcenter\u00a0\u00bb][vc_column_text el_class=\u00a0\u00bbouter_dpage p\u00a0\u00bb css=\u00a0\u00bb.vc_custom_1714997224571{margin-top: -20px !important;}\u00a0\u00bb]<\/p>\n<p style=\"text-align: center;\">M\u00e9decin<\/p>\n<p>[\/vc_column_text][\/vc_column][vc_column width=\u00a0\u00bb2\/3&Prime;][vc_empty_space height=\u00a0\u00bb10px\u00a0\u00bb][vc_column_text el_class=\u00a0\u00bbouter_dpage p\u00a0\u00bb]<\/p>\n<div class=\"wpb_wrapper\" style=\"text-align: justify;\">\n<div style=\"border: double 3px #4D4344; padding: 40px; border-radius: 8px; background-color: #e4e0e0;\">\n<p>Il est \u00e9tabli par :<\/p>\n<ul>\n<li style=\"list-style-type: none;\">\n<ul>\n<li>Le m\u00e9decin appel\u00e9 pour constater le d\u00e9c\u00e8s s\u2019il s\u2019est produit \u00e0 domicile,<\/li>\n<li>Le m\u00e9decin de l\u2019h\u00f4pital, clinique\u2026., si le d\u00e9c\u00e8s est survenu dans un dans un \u00e9tablissement de sant\u00e9,<\/li>\n<li>Un m\u00e9decin requis par l\u2019autorit\u00e9 judiciaire en cas de mort accidentelle, violente ou suspecte.<\/li>\n<\/ul>\n<\/li>\n<\/ul>\n<p>Un certificat de d\u00e9c\u00e8s comporte une partie administrative avec trois volets dont un sera transmis au service de l\u2019\u00e9tat civil de la mairie du lieu du d\u00e9c\u00e8s, et un volet m\u00e9dical indiquant la ou les causes du d\u00e9c\u00e8s, destin\u00e9 \u00e0 l\u2019institut national de la sant\u00e9 et de la recherche m\u00e9dicale qui g\u00e8re une base de donn\u00e9es des certificats de d\u00e9c\u00e8s.<\/p>\n<p>Il doit pr\u00e9ciser un \u00e9ventuel obstacle m\u00e9dico-l\u00e9gal mais aussi que le d\u00e9funt n\u2019\u00e9tait pas atteint par l\u2019une des infections transmissibles n\u00e9cessitant une obligation de mise en bi\u00e8re imm\u00e9diate. Il doit mentionner si le d\u00e9funt est porteur d\u2019une proth\u00e8se fonctionnant au moyen d\u2019une pile (stimulateur cardiaque, d\u00e9fibrillateur, etc \u2026. ).<\/p><\/div>\n<\/div>\n<p>[\/vc_column_text][\/vc_column][\/vc_row][vc_row][vc_column][vc_empty_space][vc_custom_heading text=\u00a0\u00bb\u25b6 Le transport du corps\u00a0\u00bb font_container=\u00a0\u00bbtag:h3|text_align:left|color:%234c4243&Prime; use_theme_fonts=\u00a0\u00bbyes\u00a0\u00bb el_class=\u00a0\u00bbouter_dpage p\u00a0\u00bb][vc_separator color=\u00a0\u00bbcustom\u00a0\u00bb style=\u00a0\u00bbdashed\u00a0\u00bb border_width=\u00a0\u00bb2&Prime; accent_color=\u00a0\u00bb#4d4344&Prime;][vc_empty_space][\/vc_column][\/vc_row][vc_row][vc_column width=\u00a0\u00bb1\/3&Prime;][vc_single_image image=\u00a0\u00bb4176&Prime; img_size=\u00a0\u00bbmedium\u00a0\u00bb alignment=\u00a0\u00bbcenter\u00a0\u00bb][vc_column_text el_class=\u00a0\u00bbouter_dpage p\u00a0\u00bb css=\u00a0\u00bb.vc_custom_1726576662150{margin-top: -20px !important;}\u00a0\u00bb]<\/p>\n<p class=\"vc_custom_heading\" style=\"text-align: center;\">Un fourgon fun\u00e9raire<\/p>\n<p>[\/vc_column_text][\/vc_column][vc_column width=\u00a0\u00bb2\/3&Prime;][vc_empty_space height=\u00a0\u00bb10px\u00a0\u00bb][vc_column_text el_class=\u00a0\u00bbouter_dpage p\u00a0\u00bb]<\/p>\n<div class=\"wpb_wrapper\" style=\"text-align: justify;\">\n<div style=\"border: double 3px #4D4344; padding: 40px; border-radius: 8px; background-color: #e4e0e0;\">\n<p>Le transport du corps avant et apr\u00e8s la mise en bi\u00e8re en chambre fun\u00e9raire, dans un \u00e9tablissement de sant\u00e9 ou au domicile ne peut \u00eatre effectu\u00e9 sans :<\/p>\n<ul>\n<li style=\"list-style-type: none;\">\n<ul>\n<li>Une demande \u00e9crite formul\u00e9e par un proche parent du d\u00e9funt,<\/li>\n<li>L\u2019autorisation du directeur de l\u2019\u00e9tablissement de sant\u00e9,<\/li>\n<li>Une d\u00e9claration pr\u00e9alable aupr\u00e8s du maire de la commune de d\u00e9part. Une copie de celle-ci doit-\u00eatre adress\u00e9e \u00e0 la mairie du lieu d\u2019arriv\u00e9e,<\/li>\n<li>L\u2019autorisation de l\u2019autorit\u00e9 judiciaire dans certains cas.<\/li>\n<\/ul>\n<\/li>\n<\/ul>\n<\/div>\n<\/div>\n<p>[\/vc_column_text][\/vc_column][\/vc_row][vc_row][vc_column][vc_empty_space][vc_custom_heading text=\u00a0\u00bb\u25b6 La d\u00e9claration de d\u00e9c\u00e8s \u2013 le permis d\u2019inhumer\u00a0\u00bb font_container=\u00a0\u00bbtag:h3|text_align:left|color:%234c4243&Prime; use_theme_fonts=\u00a0\u00bbyes\u00a0\u00bb el_class=\u00a0\u00bbouter_dpage p\u00a0\u00bb][vc_separator color=\u00a0\u00bbcustom\u00a0\u00bb style=\u00a0\u00bbdashed\u00a0\u00bb border_width=\u00a0\u00bb2&Prime; accent_color=\u00a0\u00bb#4d4344&Prime;][vc_empty_space][\/vc_column][\/vc_row][vc_row][vc_column width=\u00a0\u00bb1\/3&Prime;][vc_single_image image=\u00a0\u00bb3573&Prime; img_size=\u00a0\u00bbfull\u00a0\u00bb alignment=\u00a0\u00bbcenter\u00a0\u00bb][vc_column_text el_class=\u00a0\u00bbouter_dpage p\u00a0\u00bb css=\u00a0\u00bb.vc_custom_1714997209708{margin-top: -20px !important;}\u00a0\u00bb]<\/p>\n<p style=\"text-align: center;\">Mairie<\/p>\n<p>[\/vc_column_text][\/vc_column][vc_column width=\u00a0\u00bb2\/3&Prime;][vc_empty_space height=\u00a0\u00bb10px\u00a0\u00bb][vc_column_text el_class=\u00a0\u00bbouter_dpage p\u00a0\u00bb]<\/p>\n<div class=\"wpb_wrapper\" style=\"text-align: justify;\">\n<div style=\"border: double 3px #4D4344; padding: 40px; border-radius: 8px; background-color: #e4e0e0;\">\n<p>\u2022 La d\u00e9claration de d\u00e9c\u00e8s doit \u00eatre faite <b>dans les 24 heures<\/b> (jours ouvrables) au service de l\u2019\u00e9tat civil de la mairie du lieu de d\u00e9c\u00e8s.<br \/>\nCette d\u00e9marche peut \u00eatre effectu\u00e9e par toute personne munie d\u2019un justificatif d\u2019identit\u00e9 ou par les pompes fun\u00e8bres de votre choix.<\/p>\n<p><strong>Les pi\u00e8ces \u00e0 fournir sont :<\/strong><\/p>\n<ol>\n<li style=\"list-style-type: none;\">\n<ol>\n<li>Le certificat de d\u00e9c\u00e8s,<\/li>\n<li>Le livret de famille du d\u00e9funt ou \u00e0 d\u00e9faut toute pi\u00e8ce pr\u00e9cisant son identit\u00e9, sa filiation, sa derni\u00e8re situation matrimoniale  (Extrait d\u2019acte de naissance)\u2026,<\/li>\n<li>Pour les \u00e9trangers, la carte de s\u00e9jour. Notons que dans ce cas, il convient aussi de d\u00e9clarer le d\u00e9c\u00e8s au consulat.<\/li>\n<\/ol>\n<\/li>\n<\/ol>\n<p>\u2022    En r\u00e8gle g\u00e9n\u00e9rale, c\u2019est le maire de la commune du lieu d\u2019inhumation qui d\u00e9livre le permis d\u2019inhumer. De m\u00eame, c\u2019est lui qui autorise le placement d\u2019une urne cin\u00e9raire dans une s\u00e9pulture, son scellement sur un monument fun\u00e9raire, son d\u00e9p\u00f4t dans une case de columbarium et la dispersion des cendres dans un cimeti\u00e8re ou un site cin\u00e9raire faisant l\u2019objet de concessions.<\/p>\n<p>\u2022 Toutefois, l\u2019inhumation dans une propri\u00e9t\u00e9 particuli\u00e8re du corps d\u2019une personne d\u00e9c\u00e9d\u00e9e est autoris\u00e9e par le pr\u00e9fet apr\u00e8s avis d\u2019un hydrog\u00e9ologue agr\u00e9e. De m\u00eame, c\u2019est le pr\u00e9fet qui autorise l\u2019inhumation d\u2019urne urne dans une propri\u00e9t\u00e9 particuli\u00e8re. Notons qu\u2019ici, l\u2019avis de l\u2019hydrog\u00e9ologue n\u2019est pas requis.<\/p><\/div>\n<\/div>\n<p>[\/vc_column_text][\/vc_column][\/vc_row][vc_row][vc_column][vc_empty_space][vc_custom_heading text=\u00a0\u00bb\u25b6 Autopsie \u2013 Don d\u2019organe et de corps\u00a0\u00bb font_container=\u00a0\u00bbtag:h3|text_align:left|color:%234c4243&Prime; use_theme_fonts=\u00a0\u00bbyes\u00a0\u00bb el_class=\u00a0\u00bbouter_dpage p\u00a0\u00bb][vc_separator color=\u00a0\u00bbcustom\u00a0\u00bb style=\u00a0\u00bbdashed\u00a0\u00bb border_width=\u00a0\u00bb2&Prime; accent_color=\u00a0\u00bb#4d4344&Prime;][vc_empty_space][\/vc_column][\/vc_row][vc_row][vc_column width=\u00a0\u00bb1\/3&Prime;][vc_single_image image=\u00a0\u00bb3564&Prime; img_size=\u00a0\u00bbfull\u00a0\u00bb alignment=\u00a0\u00bbcenter\u00a0\u00bb][vc_column_text css=\u00a0\u00bb.vc_custom_1714997117402{margin-top: -20px !important;}\u00a0\u00bb el_class=\u00a0\u00bbouter_dpage p\u00a0\u00bb]<\/p>\n<p style=\"text-align: center;\">Autopsie<\/p>\n<p>[\/vc_column_text][\/vc_column][vc_column width=\u00a0\u00bb2\/3&Prime;][vc_empty_space height=\u00a0\u00bb10px\u00a0\u00bb][vc_column_text el_class=\u00a0\u00bbouter_dpage p\u00a0\u00bb]<\/p>\n<div class=\"wpb_wrapper\" style=\"text-align: justify;\">\n<div style=\"border: double 3px #4D4344; padding: 40px; border-radius: 8px; background-color: #e4e0e0;\">\n<p><b>\u2022 <\/b><strong>L\u2019autopsie :<\/strong> En cas de doute sur les causes d\u2019un d\u00e9c\u00e8s (suicide, crime), le m\u00e9decin le mentionne sur le certificat de d\u00e9c\u00e8s. L\u2019autorit\u00e9 judiciaire est inform\u00e9e. Le d\u00e9funt est transf\u00e9r\u00e9 dans une chambre mortuaire dans l\u2019attente de l\u2019intervention du m\u00e9decin l\u00e9giste. <strong>C\u2019est l\u2019autorit\u00e9 judiciaire qui d\u00e9livre le permis \u00e0 fin d\u2019inhumer.<\/strong><\/p>\n<p><b>\u2022 Le don d\u2019organe : <\/b>Apr\u00e8s son d\u00e9c\u00e8s, toute personne est consid\u00e9r\u00e9e comme consentante au don d\u2019organe et de tissus, si elle n\u2019a pas manifest\u00e9 son opposition de son vivant. Le m\u00e9decin se enseigne aupr\u00e8s des proches \u00e0 l\u2019effet de savoir si le d\u00e9funt s\u2019\u00e9tait oppos\u00e9 \u00e0 un don d\u2019organe et de tissus. La personne qui s\u2019y oppose peut s\u2019inscrire sur le registre national des refus (<a title=\"www.dondorganes.fr\" href=\"http:\/\/www.dondorganes.fr\/\" target=\"_blank\" rel=\"noopener\">www.dondorganes.fr<\/a>, rubriques \u00ab Le don \u00bb, puis \u00ab comment exprimer son refus ? \u00bb).<\/p>\n<p><b>\u2022 Faire don de son corps \u00e0 la science : <\/b>Lorsqu\u2019une personne fait don de son corps \u00e0 la science, elle l\u00e8gue son corps apr\u00e8s sa mort \u00e0 une facult\u00e9 de m\u00e9decine. Le don n\u2019est possible que si la personne d\u00e9c\u00e9d\u00e9e a effectu\u00e9 des d\u00e9marches pr\u00e9alables aupr\u00e8s de la facult\u00e9 de m\u00e9decine ou du centre de don du corps le plus proche de son domicile. Une carte de donateur lui est alors remise. Les frais de transport depuis la chambre fun\u00e9raire sont pris en charges par la facult\u00e9. Le don du corps est parfois refus\u00e9 notamment <b>lorsque la personne est d\u00e9c\u00e9d\u00e9e d\u2019une maladie contagieuse, ou lorsque le d\u00e9lai de remise du corps \u00e0 la facult\u00e9 d\u00e9passe 48 heures<\/b>.<\/p>\n<p>L&rsquo;\u00e9tablissement du don de corps dispose de <strong>2 ann\u00e9es<\/strong> pour r\u00e9aliser les actions d&rsquo;<strong>enseignement et de recherches<\/strong> \u00e0 parti du corps. A l&rsquo;issu de ce d\u00e9lai, si le <strong>donateur<\/strong> l&rsquo;a pr\u00e9vu et que l&rsquo;\u00e9tat du corps le permet, le corps pourra \u00eatre rendu \u00e0 une personne qu&rsquo;il aura d\u00e9sign\u00e9 pour organiser des fun\u00e9railles.<br \/>\n<strong>Pour plus de pr\u00e9cision<\/strong> : Il existe un <strong>GUIDE D&rsquo;INFORMATION<\/strong> publi\u00e9 par le minist\u00e8re de l&rsquo;enseignement sup\u00e9rieur et de la recherche et le minist\u00e8re de la sant\u00e9 et de la pr\u00e9vention:<\/p>\n<p><a href=\"https:\/\/www.enseignementsup-recherche.gouv.fr\/sites\/default\/files\/2023-12\/guide-d-information-sur-la-d-marche-du-don-de-corps-des-fins-d-enseignement-m-dical-et-de-recherche-30576.pdf\" target=\"_blank\" rel=\"noopener\"><span style=\"color: #ed2470;\">https:\/\/www.enseignementsup-recherche.gouv.fr\/sites\/default\/files\/2023-12\/guide-d-information-sur-la-d-marche-du-don-de-corps-des-fins-d-enseignement-m-dical-et-de-recherche-30576.pdf<\/span><\/a><\/p>\n<\/div>\n<\/div>\n<p>[\/vc_column_text][\/vc_column][\/vc_row][vc_row equal_height=\u00a0\u00bbyes\u00a0\u00bb][vc_column][vc_empty_space height=\u00a0\u00bb72px\u00a0\u00bb][\/vc_column][\/vc_row][vc_row][vc_column width=\u00a0\u00bb2\/3&Prime;][\/vc_column][vc_column width=\u00a0\u00bb1\/3&Prime;][vc_column_text el_class=\u00a0\u00bbouter_dpage p\u00a0\u00bb]<strong>Georgina ARBAU<\/strong><br \/>\n<small>G\u00e9rante de l\u2019Espace Fun\u00e9raire ARCA<\/small>[\/vc_column_text][\/vc_column][\/vc_row][vc_row][vc_column][vc_single_image image=\u00a0\u00bb2837&Prime; img_size=\u00a0\u00bbfull\u00a0\u00bb alignment=\u00a0\u00bbcenter\u00a0\u00bb][\/vc_column][\/vc_row]<\/p>\n","protected":false},"excerpt":{"rendered":"<p>[vc_row][vc_column][vc_raw_html el_class=\u00a0\u00bbboutonback\u00a0\u00bb]JTNDYnV0dG9uJTIwaWQlM0QlMjJjaGFuZ2VCYWNrZ3JvdW5kJTIyJTIwY2xhc3MlM0QlMjJib3V0b25iYWNrJTIyJTNFQ2hhbmdlciUyMGRlJTIwZm9uZCUzQyUyRmJ1dHRvbiUzRSUwQSUwQSUzQ2RpdiUyMGNsYXNzJTNEJTIyb3V0ZXJfZHBhZ2UlMjIlM0UlM0MlMkZkaXYlM0UlMEElM0NwJTIwY2xhc3MlM0QlMjJjdXN0b20tYmFja2dyb3VuZCUyMiUzRSUzQyUyRnAlM0UlMEElMEElM0NzY3JpcHQlM0UlMEFkb2N1bWVudC5hZGRFdmVudExpc3RlbmVyJTI4JTI3RE9NQ29udGVudExvYWRlZCUyNyUyQyUyMGZ1bmN0aW9uJTI4JTI5JTIwJTdCJTBBJTIwJTIwJTIwJTIwdmFyJTIwY2hhbmdlQnV0dG9uJTIwJTNEJTIwZG9jdW1lbnQuZ2V0RWxlbWVudEJ5SWQlMjglMjdjaGFuZ2VCYWNrZ3JvdW5kJTI3JTI5JTNCJTBBJTIwJTIwJTIwJTIwY2hhbmdlQnV0dG9uLmFkZEV2ZW50TGlzdGVuZXIlMjglMjdjbGljayUyNyUyQyUyMGZ1bmN0aW9uJTI4JTI5JTIwJTdCJTBBJTIwJTIwJTIwJTIwJTIwJTIwJTIwJTIwJTJGJTJGJTIwUyVDMyVBOWxlY3Rpb25uZXolMjB0b3VzJTIwbGVzJTIwJUMzJUE5bCVDMyVBOW1lbnRzJTIwcXVlJTIwdm91cyUyMHZvdWxleiUyMGJhc2N1bGVyJTIwYXZlYyUyMHVuZSUyMGNsYXNzZSUyMGNvbW11bmUlMEElMjAlMjAlMjAlMjAlMjAlMjAlMjAlMjB2YXIlMjBlbGVtZW50cyUyMCUzRCUyMGRvY3VtZW50LnF1ZXJ5U2VsZWN0b3JBbGwlMjglMjcub3V0ZXJfZHBhZ2UlMkMlMjAuY3VzdG9tLWJhY2tncm91bmQlMjclMjklM0IlMEElMjAlMjAlMjAlMjAlMjAlMjAlMjAlMjBlbGVtZW50cy5mb3JFYWNoJTI4ZnVuY3Rpb24lMjhlbCUyOSUyMCU3QiUwQSUyMCUyMCUyMCUyMCUyMCUyMCUyMCUyMCUyMCUyMCUyMCUyMGVsLmNsYXNzTGlzdC50b2dnbGUlMjglMjdhbHRlcm5hdGUtYmFja2dyb3VuZCUyNyUyOSUzQiUwQSUyMCUyMCUyMCUyMCUyMCUyMCUyMCUyMCU3RCUyOSUzQiUwQSUyMCUyMCUyMCUyMCU3RCUyOSUzQiUwQSU3RCUyOSUzQiUwQSUwQSUzQyUyRnNjcmlwdCUzRSUwQSUwQSUzQyUyMS0tJTIwU3R5bGVzJTIwb3B0aW9ubmVscyUyMGRpcmVjdGVtZW50JTIwZGFucyUyMGxhJTIwcGFnZSUyMCUyOGFqb3V0ZXIlMjBkYW5zJTIwbGElMjBzZWN0aW9uJTIwJTNDaGVhZCUzRSUyMHNpJTIwcG9zc2libGUlMjklMjAtLSUzRSUwQSUzQ3N0eWxlJTNFJTBBLm91dGVyX2RwYWdlJTJDJTIwLmN1c3RvbS1iYWNrZ3JvdW5kJTIwJTdCJTBBJTIwJTIwJTIwJTIwYmFja2dyb3VuZC1jb2xvciUzQSUyMCUyM0NCQkRCMCUzQiUyMCUyRiUyQSUyMENvdWxldXIlMjBkZSUyMGZvbmQlMjBwYXIlMjBkJUMzJUE5ZmF1dCUyMCUyQSUyRiUwQSUyMCUyMCUyMCUyMHBhZGRpbmclM0ElMjAwcHglM0IlMEElMjAlMjAlMjAlMjBtYXJnaW4tdG9wJTNBJTIwLTIwcHglM0IlMEElN0QlMEElMEEuYWx0ZXJuYXRlLWJhY2tncm91bmQlMjAlN0IlMEElMjAlMjAlMjAlMjBiYWNrZ3JvdW5kLWNvbG9yJTNBJTIwJTIzZmZmZmZmJTNCJTIwJTJGJTJBJTIwQ291bGV1ciUyMGRlJTIwZm9uZCUyMGFsdGVybmF0aWYlMjAlMkElMkYlMEElN0QlMEElMEElM0MlMkZzdHlsZSUzRSUwQQ==[\/vc_raw_html][\/vc_column][\/vc_row][vc_row full_width=\u00a0\u00bbstretch_row_content_no_spaces\u00a0\u00bb el_id=\u00a0\u00bbbarre-or\u00a0\u00bb][vc_column][vc_single_image image=\u00a0\u00bb2837&Prime; img_size=\u00a0\u00bbfull\u00a0\u00bb alignment=\u00a0\u00bbcenter\u00a0\u00bb][\/vc_column][\/vc_row][vc_row][vc_column][vc_empty_space height=\u00a0\u00bb10px\u00a0\u00bb][\/vc_column][\/vc_row][vc_row][vc_column][vc_column_text el_class=\u00a0\u00bbouter_dpage p\u00a0\u00bb] \u00ab L\u2019une des plus grandes \u00e9preuves que chacun de nous doit, un jour ou l\u2019autre, affronter : c\u2019est la perte d\u2019une personne aim\u00e9e \u00bb. Humblement, je me propose de vous aider \u00e0 y faire face de mani\u00e8re chronologique. Quelle que soit l\u2019ampleur de votre choc &hellip; <\/p>\n<p class=\"link-more\"><a href=\"https:\/\/espacefunerairearca.com\/index.php\/premieres-demarches\/\" class=\"more-link\">Continue reading<span class=\"screen-reader-text\"> \u00ab\u00a0Premi\u00e8res d\u00e9marches\u00a0\u00bb<\/span><\/a><\/p>\n","protected":false},"author":1,"featured_media":0,"parent":0,"menu_order":0,"comment_status":"closed","ping_status":"closed","template":"","meta":{"footnotes":""},"class_list":["post-1260","page","type-page","status-publish","hentry"],"_links":{"self":[{"href":"https:\/\/espacefunerairearca.com\/index.php\/wp-json\/wp\/v2\/pages\/1260","targetHints":{"allow":["GET"]}}],"collection":[{"href":"https:\/\/espacefunerairearca.com\/index.php\/wp-json\/wp\/v2\/pages"}],"about":[{"href":"https:\/\/espacefunerairearca.com\/index.php\/wp-json\/wp\/v2\/types\/page"}],"author":[{"embeddable":true,"href":"https:\/\/espacefunerairearca.com\/index.php\/wp-json\/wp\/v2\/users\/1"}],"replies":[{"embeddable":true,"href":"https:\/\/espacefunerairearca.com\/index.php\/wp-json\/wp\/v2\/comments?post=1260"}],"version-history":[{"count":55,"href":"https:\/\/espacefunerairearca.com\/index.php\/wp-json\/wp\/v2\/pages\/1260\/revisions"}],"predecessor-version":[{"id":4177,"href":"https:\/\/espacefunerairearca.com\/index.php\/wp-json\/wp\/v2\/pages\/1260\/revisions\/4177"}],"wp:attachment":[{"href":"https:\/\/espacefunerairearca.com\/index.php\/wp-json\/wp\/v2\/media?parent=1260"}],"curies":[{"name":"wp","href":"https:\/\/api.w.org\/{rel}","templated":true}]}}